{"id":68,"date":"2017-09-26T00:53:21","date_gmt":"2017-09-26T00:53:21","guid":{"rendered":"https:\/\/elixir.art.br\/wp\/?page_id=68"},"modified":"2021-03-12T15:21:52","modified_gmt":"2021-03-12T18:21:52","slug":"sobre","status":"publish","type":"page","link":"https:\/\/elxrskincare.com.br\/loja\/sobre\/","title":{"rendered":"PROP\u00d3SITO"},"content":{"rendered":"\t\t<div data-elementor-type=\"wp-page\" data-elementor-id=\"68\" class=\"elementor elementor-68\">\n\t\t\t\t\t\t<section class=\"elementor-section elementor-top-section elementor-element elementor-element-326134e7 elementor-section-boxed elementor-section-height-default elementor-section-height-default\" data-id=\"326134e7\" data-element_type=\"section\">\n\t\t\t\t\t\t<div class=\"elementor-container elementor-column-gap-default\">\n\t\t\t\t\t<div class=\"elementor-column elementor-col-50 elementor-top-column elementor-element elementor-element-4d509bfe elementor-hidden-phone\" data-id=\"4d509bfe\" data-element_type=\"column\" data-settings=\"{&quot;background_background&quot;:&quot;classic&quot;}\">\n\t\t\t<div class=\"elementor-widget-wrap\">\n\t\t\t\t\t\t\t<\/div>\n\t\t<\/div>\n\t\t\t\t<div class=\"elementor-column elementor-col-50 elementor-top-column elementor-element elementor-element-a42bb03\" data-id=\"a42bb03\" data-element_type=\"column\">\n\t\t\t<div class=\"elementor-widget-wrap elementor-element-populated\">\n\t\t\t\t\t\t<div class=\"elementor-element elementor-element-cfc8b94 elementor-hidden-desktop elementor-hidden-tablet elementor-widget elementor-widget-image\" data-id=\"cfc8b94\" data-element_type=\"widget\" data-widget_type=\"image.default\">\n\t\t\t\t<div class=\"elementor-widget-container\">\n\t\t\t\t\t\t\t\t\t\t\t\t\t<img fetchpriority=\"high\" decoding=\"async\" width=\"241\" height=\"300\" src=\"https:\/\/elxrskincare.com.br\/loja\/wp-content\/uploads\/2020\/09\/el123-241x300.png\" class=\"attachment-medium size-medium wp-image-4172\" alt=\"\" srcset=\"https:\/\/elxrskincare.com.br\/loja\/wp-content\/uploads\/2020\/09\/el123-241x300.png 241w, https:\/\/elxrskincare.com.br\/loja\/wp-content\/uploads\/2020\/09\/el123-58x72.png 58w, https:\/\/elxrskincare.com.br\/loja\/wp-content\/uploads\/2020\/09\/el123.png 482w\" sizes=\"(max-width: 241px) 100vw, 241px\" \/>\t\t\t\t\t\t\t\t\t\t\t\t\t<\/div>\n\t\t\t\t<\/div>\n\t\t\t\t<div class=\"elementor-element elementor-element-a844c4a elementor-widget elementor-widget-text-editor\" data-id=\"a844c4a\" data-element_type=\"widget\" data-widget_type=\"text-editor.default\">\n\t\t\t\t<div class=\"elementor-widget-container\">\n\t\t\t\t\t\t\t<!-- wp:paragraph -->\n<p><\/p>\n<!-- \/wp:paragraph -->\n\n<!-- wp:paragraph {\"style\":{\"typography\":{\"fontSize\":17}}} -->\n<p style=\"font-size:17px\">Vegana e de alta performance , ELXR Skincare nasceu da sinergia entre o futuro&nbsp; (biotecnologia) e o passado (inspirada na arte milenar da fermenta\u00e7\u00e3o) .<\/p>\n<!-- \/wp:paragraph -->\n\n<!-- wp:paragraph {\"style\":{\"typography\":{\"fontSize\":17}}} -->\n<p style=\"font-size:17px\">Passado e Futuro , Ci\u00eancia e Natureza s\u00e3o nosso DNA, nossa assinatura.<\/p>\n<!-- \/wp:paragraph -->\n\n<!-- wp:paragraph {\"style\":{\"typography\":{\"fontSize\":17}}} -->\n<p style=\"font-size:17px\">Alta performance para veganos ou n\u00e3o, trabalhando a favor da sua pele.<br><br>Para todos os tipos de pele.<\/p>\n<!-- \/wp:paragraph -->\n\n<!-- wp:paragraph {\"fontSize\":\"medium\"} -->\n<p class=\"has-medium-font-size\">Para todos os g\u00eaneros.<\/p>\n<!-- \/wp:paragraph -->\n\n<!-- wp:paragraph {\"style\":{\"typography\":{\"fontSize\":25}}} -->\n<p style=\"font-size:25px\">Para todos.<\/p>\n<!-- \/wp:paragraph -->\t\t\t\t\t\t<\/div>\n\t\t\t\t<\/div>\n\t\t\t\t\t<\/div>\n\t\t<\/div>\n\t\t\t\t\t<\/div>\n\t\t<\/section>\n\t\t\t\t<\/div>\n\t\t","protected":false},"excerpt":{"rendered":"<p>Vegana e de alta performance , ELXR Skincare nasceu da sinergia entre o futuro&nbsp; (biotecnologia) e o passado (inspirada na arte milenar da fermenta\u00e7\u00e3o) . Passado e Futuro , Ci\u00eancia e Natureza s\u00e3o nosso DNA, nossa assinatura. Alta performance para veganos ou n\u00e3o, trabalhando a favor da sua pele. Para todos os tipos de pele. [&hellip;]<\/p>\n","protected":false},"author":1,"featured_media":4054,"parent":0,"menu_order":1,"comment_status":"closed","ping_status":"closed","template":"template-fullwidth.php","meta":{"_acf_changed":false,"_joinchat":[],"footnotes":""},"class_list":["post-68","page","type-page","status-publish","has-post-thumbnail","hentry"],"acf":[],"_links":{"self":[{"href":"https:\/\/elxrskincare.com.br\/loja\/wp-json\/wp\/v2\/pages\/68","targetHints":{"allow":["GET"]}}],"collection":[{"href":"https:\/\/elxrskincare.com.br\/loja\/wp-json\/wp\/v2\/pages"}],"about":[{"href":"https:\/\/elxrskincare.com.br\/loja\/wp-json\/wp\/v2\/types\/page"}],"author":[{"embeddable":true,"href":"https:\/\/elxrskincare.com.br\/loja\/wp-json\/wp\/v2\/users\/1"}],"replies":[{"embeddable":true,"href":"https:\/\/elxrskincare.com.br\/loja\/wp-json\/wp\/v2\/comments?post=68"}],"version-history":[{"count":0,"href":"https:\/\/elxrskincare.com.br\/loja\/wp-json\/wp\/v2\/pages\/68\/revisions"}],"wp:featuredmedia":[{"embeddable":true,"href":"https:\/\/elxrskincare.com.br\/loja\/wp-json\/wp\/v2\/media\/4054"}],"wp:attachment":[{"href":"https:\/\/elxrskincare.com.br\/loja\/wp-json\/wp\/v2\/media?parent=68"}],"curies":[{"name":"wp","href":"https:\/\/api.w.org\/{rel}","templated":true}]}}